
5
What is the hundreds digit of 26667094?
0
What is the hundred thousands digit of 681727242?
7
What is the thousands digit of 9997087?
7
What is the hundred millions digit of 4301524183?
3
What is the hundred millions digit of 242586041?
2
What is the hundreds digit of 78983?
9
What is the ten millions digit of 1425298952?
2
What is the hundred thousands digit of 325352052?
3
What is the tens digit of 72696722?
2
What is the thousands digit of 461925484?
5
What is the tens digit of 60993447?
4
What is the hundreds digit of 184175024?
0
What is the hundred millions digit of 845203077?
8
What is the ten thousands digit of 2482793351?
9
What is the thousands digit of 72175876?
5
What is the ten millions digit of 647864561?
4
What is the units digit of 104011120?
0
What is the units digit of 99345086?
6
What is the hundreds digit of 83081059?
0
What is the units digit of 18856349?
9
What is the units digit of 1430801992?
2
What is the ten thousands digit of 138710415?
1
What is the thousands digit of 1434628224?
8
What is the units digit of 120822545?
5
What is the hundred millions digit of 737376963?
7
What is the millions digit of 13671395?
3
What is the billions digit of 3342655826?
3
What is the hundred millions digit of 1421185016?
4
What is the hundreds digit of 274848868?
8
What is the hundreds digit of 21506035?
0
What is the units digit of 2923125?
5
What is the ten thousands digit of 63102010?
0
What is the tens digit of 539883210?
1
What is the ten millions digit of 194432328?
9
What is the tens digit of 975883012?
1
What is the millions digit of 4247863?
4
What is the ten thousands digit of 360932256?
3
What is the hundred thousands digit of 263166458?
1
What is the ten thousands digit of 241997967?
9
What is the ten thousands digit of 468727517?
2
What is the tens digit of 5154318892?
9
What is the millions digit of 375630379?
5
What is the tens digit of 2318358259?
5
What is the millions digit of 14128183?
4
What is the hundreds digit of 1532306467?
4
What is the tens digit of 1879110437?
3
What is the hundred millions digit of 3732230151?
7
What is the ten millions digit of 25211491?
2
What is the hundred thousands digit of 17687468?
6
What is the hundreds digit of 184898196?
1
What is the units digit of 40727488?
8
What is the thousands digit of 1596636315?
6
What is the units digit of 992435155?
5
What is the thousands digit of 210110901?
0
What is the hundred thousands digit of 31242806?
2
What is the millions digit of 823613459?
3
What is the hundred thousands digit of 3773838347?
8
What is the ten thousands digit of 108469665?
6
What is the hundred millions digit of 459998099?
4
What is the ten thousands digit of 70307303?
0
What is the hundred thousands digit of 70931876?
9
What is the millions digit of 12345567?
2
What is the ten millions digit of 31744754?
3
What is the ten thousands digit of 3554332057?
3
What is the hundred thousands digit of 170115519?
1
What is the hundreds digit of 1753843662?
6
What is the hundred thousands digit of 1045955784?
9
What is the millions digit of 2551311928?
1
What is the millions digit of 59996071?
9
What is the billions digit of 1270292983?
1
What is the millions digit of 3472179?
3
What is the ten millions digit of 104815662?
0
What is the hundred millions digit of 214845088?
2
What is the units digit of 178888772?
2
What is the billions digit of 1808573215?
1
What is the ten millions digit of 39526472?
3
What is the millions digit of 369779765?
9
What is the ten thousands digit of 24324246?
2
What is the thousands digit of 675389930?
9
What is the hundred millions digit of 137971764?
1
What is the units digit of 590189369?
9
What is the ten millions digit of 249529312?
4
What is the hundreds digit of 894727361?
3
What is the millions digit of 67600843?
7
What is the hundred millions digit of 222867357?
2
What is the thousands digit of 20795601?
5
What is the millions digit of 2035422324?
5
What is the hundred thousands digit of 4369509?
3
What is the hundreds digit of 4562136909?
9
What is the ten millions digit of 2963964533?
6
What is the tens digit of 27487632?
3
What is the hundred thousands digit of 8051041693?
0
What is the ten thousands digit of 40900247?
0
What is the ten thousands digit of 3532858383?
5
What is the ten millions digit of 1163080390?
6
What is the millions digit of 1808151093?
8
What is the billions digit of 3941308277?
3
What is the ten thousands digit of 672263464?
6
What is the thousands digit of 6740913763?
3
What is the tens digit of 9725660555?
5
What is the hundred millions digit of 1473658017?
4
What is the hundred thousands digit of 496275044?
2
What is the thousands digit of 268226529?
6
What is the hundreds digit of 165978916?
9
What is the thousands digit of 1424332391?
2
What is the tens digit of 447160034?
3
What is the hundreds digit of 1452222303?
3
What is the units digit of 22427757?
7
What is the tens digit of 268374636?
3
What is the ten thousands digit of 134223169?
2
What is the ten thousands digit of 14423928?
2
What is the units digit of 1120084948?
8
What is the hundreds digit of 134672467?
4
What is the thousands digit of 1479529729?
9
What is the hundred millions digit of 1646000949?
6
What is the ten millions digit of 661699133?
6
What is the units digit of 1421526414?
4
What is the thousands digit of 171979774?
9
What is the ten thousands digit of 379717172?
1
What is the billions digit of 1108459291?
1
What is the units digit of 7881424?
4
What is the tens digit of 1418845580?
8
What is the thousands digit of 2051290294?
0
What is the hundreds digit of 59077901?
9
What is the ten thousands digit of 73330703?
3
What is the hundred thousands digit of 2948238452?
2
What is the millions digit of 214542373?
4
What is the millions digit of 747179689?
7
What is the hundreds digit of 40975203?
2
What is the ten millions digit of 241149436?
4
What is the hundred millions digit of 1676108943?
6
What is the ten thousands digit of 964375837?
7
What is the units digit of 23792298?
8
What is the millions digit of 6462081?
6
What is the thousands digit of 222331953?
1
What is the hundreds digit of 13988170?
1
What is the hundred thousands digit of 412601083?
6
What is the units digit of 88500103?
3
What is the millions digit of 351592433?
1
What is the units digit of 1527899337?
7
What is the ten millions digit of 841618330?
4
What is the ten millions digit of 54318385?
5
What is the ten thousands digit of 1766938922?
3
What is the hundred thousands digit of 426170004?
1
What is the hundreds digit of 77547436?
4
What is the ten thousands digit of 5212582247?
8
What is the millions digit of 679027172?
9
What is the hundreds digit of 1027247971?
9
What is the ten thousands digit of 129269969?
6
What is the tens digit of 209415361?
6
What is the ten millions digit of 41512111?
4
What is the billions digit of 1404768942?
1
What is the tens digit of 303034193?
9
What is the hundred millions digit of 1059042924?
0
What is the ten thousands digit of 12480837?
8
What is the millions digit of 15710023?
5
What is the thousands digit of 175398869?
8
What is the ten millions digit of 19626995?
1
What is the hundred thousands digit of 5971181299?
1
What is the ten millions digit of 1300646882?
0
What is the tens digit of 37370914?
1
What is the millions digit of 12860832?
2
What is the hundred millions digit of 6488655097?
4
What is the hundred thousands digit of 468946680?
9
What is the thousands digit of 512217515?
7
What is the ten thousands digit of 71395242?
9
What is the thousands digit of 1951548518?
8
What is the units digit of 482230867?
7
What is the hundred thousands digit of 3338172706?
1
What is the thousands digit of 39930732?
0
What is the millions digit of 408209369?
8
What is the units digit of 1272962494?
4
What is the thousands digit of 2156256512?
6
What is the hundreds digit of 2345962136?
1
What is the ten millions digit of 5108068394?
0
What is the units digit of 85090410?
0
What is the thousands digit of 259234388?
4
What is the hundreds digit of 33563943?
9
What is the thousands digit of 124937823?
7
What is the thousands digit of 222194251?
4
What is the hundred millions digit of 232015535?
2
What is the hundreds digit of 10816